to base 10.
1516
Convert -10ab1 (base 13) to base 15.
-9015
What is -2291 (base 11) in base 6?
-21524
-1214 (base 6) to base 10
-298
Convert 18895 (base 10) to base 7.
106042
Convert -54a (base 16) to base 5.
-20404
Convert -12a88 (base 12) to base 11.
-18377
What is -5584 (base 14) in base 15?
-45cb
-2dc (base 15) to base 16
-291
-1761 (base 8) to base 5
-13014
-29911 (base 11) to base 4
-22111322
1101110110 (base 2) to base 5
12021
What is 42100 (base 5) in base 10?
2775
What is -502121 (base 6) in base 12?
-1a941
What is 1222201 (base 3) in base 9?
1881
Convert 52217 (base 8) to base 12.
1063b
What is 110011001101 (base 2) in base 6?
23101
eccb (base 15) to base 8
141735
Convert -a39 (base 11) to base 2.
-10011100100
Convert -1e2e (base 15) to base 13.
-2cb4
Convert 8643 (base 9) to base 2.
1100011010101
Convert -63 (base 8) to base 11.
-47
-100010000 (base 2) to base 8
-420
What is 210 (base 3) in base 15?
16
What is 424 (base 6) in base 15?
aa
Convert -2374 (base 11) to base 14.
-11bc
Convert 2364 (base 8) to base 16.
4f4
66 (base 15) to base 13
75
What is 5695 (base 12) in base 16?
2591
What is 1317 (base 11) in base 4?
122300
Convert -3147 (base 16) to base 7.
-51531
Convert 1958 (base 11) to base 10.
2483
What is -111101110 (base 2) in base 15?
-22e
What is -423534 (base 7) in base 14?
-1ca1b
What is 1074 (base 12) in base 10?
1816
Convert -6362 (base 9) to base 15.
-15b8
What is 1124242 (base 5) in base 6?
235124
Convert -10233 (base 5) to base 12.
-499
Convert 87d (base 14) to base 7.
4616
What is -2412431 (base 5) in base 13?
-17498
What is 1cb9 (base 14) in base 3?
21012210
Convert 23100 (base 4) to base 7.
2046
What is -36774 (base 10) in base 4?
-20332212
Convert -1779 (base 15) to base 16.
-13c8
-d16a (base 14) to base 12
-1898a
What is 262 (base 7) in base 5?
1032
2717 (base 8) to base 9
2032
What is 5aa (base 15) in base 16?
505
-113 (base 5) to base 12
-29
-99 (base 15) to base 10
-144
What is -1006 (base 10) in base 4?
-33232
What is 2102 (base 7) in base 10?
737
Convert 634 (base 15) to base 5.
21044
Convert 1ad7 (base 14) to base 5.
124033
1100 (base 10) to base 9
1452
-10533 (base 6) to base 10
-1497
What is -201162 (base 7) in base 8?
-102402
Convert -44204 (base 5) to base 2.
-101111101110
Convert 1201000220 (base 3) to base 2.
1000001100010110
What is 30bb (base 15) in base 6?
115405
2393 (base 11) to base 3
11021211
What is 1341 (base 5) in base 2?
11011101
What is -424003 (base 6) in base 12?
-18003
Convert 2b6 (base 14) to base 3.
202110
-55ba (base 14) to base 6
-152452
Convert -907 (base 16) to base 12.
-1407
What is 1001011100 (base 3) in base 10?
20529
What is -1514 (base 9) in base 11?
-953
Convert -a439 (base 11) to base 3.
-200222110
-22616 (base 10) to base 11
-15aa0
What is 2532 (base 7) in base 14?
4c2
Convert 2113220 (base 5) to base 16.
8a6b
Convert -205 (base 15) to base 2.
-111000111
What is -15d (base 14) in base 4?
-10113
Convert -c2 (base 14) to base 16.
-aa
-122210 (base 4) to base 9
-2288
4346 (base 8) to base 5
33103
Convert -21615 (base 7) to base 3.
-21110220
3121 (base 5) to base 6
1523
Convert -29c (base 14) to base 8.
-1022
Convert 2021120 (base 3) to base 7.
4563
433 (base 13) to base 6
3154
Convert -1112110100 (base 3) to base 7.
-154053
What is -111101111101100 (base 2) in base 15?
-95ee
1100010011101 (base 2) to base 9
8571
Convert -23020 (base 5) to base 6.
-11323
Convert 21502 (base 7) to base 4.
1110100
What is -255 (base 13) in base 12?
-2a0
What is 244353 (base 6) in base 8?
52355
1011010000001 (base 2) to base 12
3401
What is -3a3 (base 12) in base 9?
-676
472a (base 15) to base 14
5719
23441 (base 7) to base 9
8268
Convert -18a0 (base 16) to base 8.
-14240
-1300 (base 12) to base 3
-2222000
What is -1033 (base 5) in base 16?
-8f
4151 (base 6) to base 14
4a7
-532 (base 8) to base 13
-208
What is 200020 (base 3) in base 14?
272
Convert -536 (base 9) to base 16.
-1b6
What is -2121103 (base 4) in base 15?
-2d91
-101000011010000 (base 2) to base 5
-1130223
-c04 (base 14) to base 11
-1852
Convert -4422 (base 5) to base 2.
-1001100100
Convert 17832 (base 11) to base 12.
12541
-1202000 (base 3) to base 7
-3462
What is -323 (base 15) in base 2?
-1011000100
What is -1ab9 (base 12) in base 5?
-101214
Convert 14075 (base 8) to base 12.
3711
What is -332121 (base 4) in base 13?
-1a82
-3c1 (base 15) to base 12
-5b4
7304 (base 8) to base 4
323010
-100100101111 (base 2) to base 6
-14515
What is -466 (base 10) in base 8?
-722
What is -5542 (base 7) in base 2?
-11111000110
What is -220020200 (base 3) in base 5?
-1031201
Convert fa (base 16) to base 12.
18a
Convert 465e (base 15) to base 14.
5631
-1331 (base 13) to base 10
-2744
Convert -224003 (base 5) to base 4.
-1331003
Convert 16254 (base 11) to base 8.
54620
What is -808 (base 16) in base 8?
-4010
643 (base 15) to base 8
2605
1220012 (base 3) to base 13
824
4a80 (base 16) to base 7
106414
-d2d (base 16) to base 7
-12556
What is -326 (base 14) in base 8?
-1156
What is -4123032 (base 5) in base 15?
-14de7
What is -111100011 (base 2) in base 12?
-343
What is -1716 (base 9) in base 13?
-79b
1e3c (base 15) to base 6
50250
What is 3100124 (base 5) in base 2?
1100001101110111
What is 299 (base 12) in base 13?
252
What is -100 (base 6) in base 3?
-1100
-46a (base 15) to base 9
-1331
-96a (base 12) to base 16
-562
-d0a (base 15) to base 5
-43220
1655 (base 9) to base 2
10011110001
What is 1923 (base 14) in base 16?
11bb
Convert -321010 (base 4) to base 14.
-148c
Convert 5606 (base 12) to base 2.
10010100100110
2591 (base 10) to base 9
3488
What is 14 (base 12) in base 13?
13
-a9 (base 15) to base 8
-237
Convert 18704 (base 11) to base 14.
9752
Convert -284 (base 14) to base 7.
-1324
Convert -1010111 (base 2) to base 3.
-10020
Convert -13400 (base 5) to base 14.
-588
Convert 3613 (base 7) to base 8.
2465
-210020 (base 3) to base 11
-481
What is 1a52 (base 14) in base 10?
4776
Convert -20012 (base 3) to base 13.
-cb
Convert 51305 (base 8) to base 16.
52c5
125554 (base 7) to base 14
8864
-101001111110101 (base 2) to base 13
-9a24
What is 10001100 (base 3) in base 6?
14143
What is 4522 (base 6) in base 8?
2042
What is 11110000010011 (base 2) in base 5?
443004
What is -110110011100010 (base 2) in base 7?
-144160
Convert -17b (base 12) to base 10.
-239
220423 (base 5) to base 14
2abb
What is -105a (base 11) in base 7?
-4033
Convert -203d (base 16) to base 4.
-2000331
-850 (base 12) to base 11
-a02
Convert -14352 (base 10) to base 12.
-8380
-13313 (base 4) to base 16
-1f7
Convert 110211 (base 4) to base 9.
1723
What is -37252 (base 8) in base 4?
-3322222
What is 6bb7 (base 12) in base 13?
5671
12200100 (base 3) to base 6
31100
-64635 (base 7) to base 8
-37342
Convert 101011000001111 (base 2) to base 12.
108bb
-401 (base 6) to base 8
-221
Convert -1202121001 (base 3) to base 7.
-203104
What is 1033 (base 8) in base 10?
539
What is 10034 (base 5) in base 4?
22010
Convert 3130103 (base 4) to base 11.
a658
What is 4293 (base 13) in base 9?
13613
-12222212 (base 4) to base 13
-c572
What is 87 (base 13) in base 12?
93
22222102 (base 3) to base 12
3955
3aa (base 16) to base 14
4b0
What is -353 (base 9) in base 16?
-123
5751 (base 8) to base 10
3049
Convert 322c (base 14) to base 12.
5020
-26626 (base 12) to base 7
-306513
Convert -6381 (base 9) to base 5.
-122230
What is 3 (base 11) in base 5?
3
2378 (base 12) to base 14
1644
133aa (base 11) to base 4
10222231
-392 (base 16) to base 13
-554
What is 3033000 (base 5) in base 16?
bfe5
63136 (base 7) to base 8
36227
511 (base 8) to base 7
650
What is -6a (base 14) in base 15?
-64
-4481 (base 10) to base 11
-3404
Convert 441 (base 14) to base 10.
841
Convert 63335 (base 7) to base 14.
598c
What is -28288 (base 9) in base 13?
-8978
1020121200 (base 3) to base 7
131310
What is 11111101011111 (base 2) in base 12?
947b
-20401 (base 5) to base 13
-7cc
28ba0 (base 13) to base 16
12b8f
13313331 (base 4) to base 3
1122020120
Convert -159 (base 12) to base 2.
-11010101
What is 12625 (base 7) in base 3?
11122221
-8d8 (base 14) to base 6
-12050
Convert -282 (base 10) to base 6.
-1150
Convert 525 (base 10) to base 16.
20d
Convert 26456 (base 9) to base 10.
17871
Convert -1210101 (base 3) to base 4.
-110122
What is -25 (base 11) 